, 107
List the prime factors of 827.
827
What are the prime factors of 19777?
19777
List the prime factors of 84830.
2, 5, 17, 499
What are the prime factors of 6969?
3, 23, 101
What are the prime factors of 323?
17, 19
List the prime factors of 6270.
2, 3, 5, 11, 19
What are the prime factors of 577?
577
What are the prime factors of 602?
2, 7, 43
What are the prime factors of 693?
3, 7, 11
List the prime factors of 414.
2, 3, 23
What are the prime factors of 68907?
3, 103, 223
List the prime factors of 416.
2, 13
List the prime factors of 1812.
2, 3, 151
What are the prime factors of 46164?
2, 3, 3847
List the prime factors of 25249.
7, 3607
List the prime factors of 70935.
3, 5, 4729
What are the prime factors of 8338?
2, 11, 379
What are the prime factors of 757?
757
What are the prime factors of 1815?
3, 5, 11
What are the prime factors of 20309?
23, 883
List the prime factors of 2175.
3, 5, 29
What are the prime factors of 1552?
2, 97
List the prime factors of 23.
23
List the prime factors of 17728.
2, 277
List the prime factors of 4214.
2, 7, 43
What are the prime factors of 38520?
2, 3, 5, 107
List the prime factors of 48248.
2, 37, 163
List the prime factors of 36.
2, 3
List the prime factors of 3526.
2, 41, 43
List the prime factors of 1717.
17, 101
What are the prime factors of 124248?
2, 3, 31, 167
List the prime factors of 2263.
31, 73
List the prime factors of 4426.
2, 2213
List the prime factors of 3012.
2, 3, 251
List the prime factors of 11865.
3, 5, 7, 113
List the prime factors of 842.
2, 421
What are the prime factors of 899?
29, 31
What are the prime factors of 5005?
5, 7, 11, 13
List the prime factors of 3414.
2, 3, 569
What are the prime factors of 3930?
2, 3, 5, 131
What are the prime factors of 1685?
5, 337
List the prime factors of 1232.
2, 7, 11
What are the prime factors of 5110?
2, 5, 7, 73
What are the prime factors of 809?
809
What are the prime factors of 1631?
7, 233
What are the prime factors of 1152?
2, 3
List the prime factors of 5766.
2, 3, 31
What are the prime factors of 2925?
3, 5, 13
List the prime factors of 1483.
1483
What are the prime factors of 1156?
2, 17
List the prime factors of 1515.
3, 5, 101
List the prime factors of 13392.
2, 3, 31
What are the prime factors of 108942?
2, 3, 67, 271
What are the prime factors of 111?
3, 37
What are the prime factors of 744?
2, 3, 31
List the prime factors of 76551.
3, 17, 19, 79
List the prime factors of 18063.
3, 223
What are the prime factors of 1987?
1987
What are the prime factors of 2866?
2, 1433
What are the prime factors of 32529?
3, 7, 1549
What are the prime factors of 3921?
3, 1307
List the prime factors of 20643.
3, 7, 983
List the prime factors of 3111.
3, 17, 61
List the prime factors of 817.
19, 43
List the prime factors of 1671.
3, 557
What are the prime factors of 2575?
5, 103
List the prime factors of 15252.
2, 3, 31, 41
What are the prime factors of 3943?
3943
What are the prime factors of 1108?
2, 277
List the prime factors of 3338.
2, 1669
What are the prime factors of 2836?
2, 709
List the prime factors of 36544.
2, 571
What are the prime factors of 2717?
11, 13, 19
What are the prime factors of 112207?
112207
List the prime factors of 19274.
2, 23, 419
List the prime factors of 21377.
21377
List the prime factors of 11756.
2, 2939
List the prime factors of 685.
5, 137
What are the prime factors of 1967?
7, 281
What are the prime factors of 6039?
3, 11, 61
List the prime factors of 1919.
19, 101
What are the prime factors of 53708?
2, 29, 463
List the prime factors of 350.
2, 5, 7
What are the prime factors of 6715?
5, 17, 79
List the prime factors of 3426.
2, 3, 571
What are the prime factors of 12662?
2, 13, 487
List the prime factors of 14416.
2, 17, 53
List the prime factors of 27217.
17, 1601
What are the prime factors of 9672?
2, 3, 13, 31
List the prime factors of 73319.
157, 467
List the prime factors of 31.
31
List the prime factors of 791.
7, 113
What are the prime factors of 31082?
2, 15541
List the prime factors of 4731.
3, 19, 83
What are the prime factors of 17457?
3, 11, 23
What are the prime factors of 13?
13
What are the prime factors of 50671?
50671
List the prime factors of 4803.
3, 1601
What are the prime factors of 27462?
2, 3, 23, 199
What are the prime factors of 1494?
2, 3, 83
What are the prime factors of 109318?
2, 11, 4969
What are the prime factors of 6975?
3, 5, 31
List the prime factors of 1470.
2, 3, 5, 7
What are the prime factors of 6312?
2, 3, 263
List the prime factors of 62.
2, 31
What are the prime factors of 18608?
2, 1163
List the prime factors of 11666.
2, 19, 307
What are the prime factors of 53180?
2, 5, 2659
What are the prime factors of 53358?
2, 3, 8893
What are the prime factors of 639?
3, 71
List the prime factors of 1548.
2, 3, 43
What are the prime factors of 4298?
2, 7, 307
What are the prime factors of 6584?
2, 823
What are the prime factors of 20198?
2, 10099
List the prime factors of 17256.
2, 3, 719
List the prime factors of 94571.
17, 5563
List the prime factors of 1757.
7, 251
What are the prime factors of 3069?
3, 11, 31
List the prime factors of 1853.
17, 109
List the prime factors of 12245.
5, 31, 79
List the prime factors of 1027.
13, 79
List the prime factors of 6518.
2, 3259
List the prime factors of 47102.
2, 11, 2141
What are the prime factors of 148446?
2, 3, 2749
What are the prime factors of 469?
7, 67
List the prime factors of 46297.
67, 691
List the prime factors of 4027.
4027
List the prime factors of 973.
7, 139
What are the prime factors of 3501?
3, 389
List the prime factors of 7498.
2, 23, 163
What are the prime factors of 7313?
71, 103
What are the prime factors of 65933?
7, 9419
List the prime factors of 6436.
2, 1609
What are the prime factors of 25388?
2, 11, 577
What are the prime factors of 4280?
2, 5, 107
List the prime factors of 12999.
3, 7, 619
What are the prime factors of 4645?
5, 929
What are the prime factors of 830?
2, 5, 83
List the prime factors of 14175.
3, 5, 7
What are the prime factors of 51579?
3, 11, 521
List the prime factors of 4846.
2, 2423
What are the prime factors of 31044?
2, 3, 13, 199
List the prime factors of 35222.
2, 11, 1601
List the prime factors of 83156.
2, 20789
List the prime factors of 39913.
167, 239
List the prime factors of 13074.
2, 3, 2179
List the prime factors of 17649.
3, 37, 53
List the prime factors of 2736.
2, 3, 19
List the prime factors of 2337.
3, 19, 41
List the prime factors of 30528.
2, 3, 53
List the prime factors of 6537.
3, 2179
What are the prime factors of 17615?
5, 13, 271
List the prime factors of 14513.
23, 631
What are the prime factors of 1772?
2, 443
What are the prime factors of 27119?
47, 577
What are the prime factors of 3982?
2, 11, 181
List the prime factors of 2406.
2, 3, 401
List the prime factors of 18323.
73, 251
What are the prime factors of 2791?
2791
List the prime factors of 4408.
2, 19, 29
List the prime factors of 21673.
21673
What are the prime factors of 19604?
2, 13, 29
List the prime factors of 25885.
5, 31, 167
List the prime factors of 3111.
3, 17, 61
What are the prime factors of 8546?
2, 4273
What are the prime factors of 2143?
2143
What are the prime factors of 2683?
2683
What are the prime factors of 19755?
3, 5, 439
What are the prime factors of 166?
2, 83
List the prime factors of 75747.
3, 7, 3607
List the prime factors of 1091.
1091
List the prime factors of 981.
3, 109
List the prime factors of 8896.
2, 139
What are the prime factors of 2055?
3, 5, 137
List the prime factors of 140401.
140401
What are the prime factors of 13330?
2, 5, 31, 43
What are the prime factors of 5552?
2, 347
What are the prime factors of 1145?
5, 229
List the prime factors of 1359.
3, 151
What are the prime factors of 18499?
13, 1423
List the prime factors of 554.
2, 277
List the prime factors of 10640.
2, 5, 7, 19
What are the prime factors of 1080?
2, 3, 5
List the prime factors of 6621.
3, 2207
What are the prime factors of 4099?
4099
List the prime factors of 3054.
2, 3, 509
What are the prime factors of 36454?
2, 11, 1657
What are the prime factors of 593?
593
What are the prime factors of 113867?
13, 19, 461
List the prime factors of 3220.
2, 5, 7, 23
What are the prime factors of